Let z = t + 17. Determine m(z).
7
Let g(j) = 5*j**3 + j**2 - 3*j - 8. Let q be (-1 - 0) + -1 + 3. Let s(w) = w**3 - w**2 - w - 1. Let c(i) = q*g(i) - 4*s(i). What is c(-3)?
11
Let s(z) = -9*z + 15. Let b(l) = l - 1. Let m(x) = 12*b(x) + s(x). Give m(-2).
-3
Let w(z) = 5*z. Suppose -2*l + 1 = -r, -2*l + r + 2*r + 3 = 0. Suppose 2*p - 4*s = -0*p - 10, -2*p + 2*s = 4. Let u = l + p. What is w(u)?
5
Let t = -11 - -6. Let q(u) = u + 12*u**2 + u**3 + 4*u**2 + 15*u**2 - 26*u**2. Determine q(t).
-5
Let i(z) = -4*z**3 + 7 + 0*z**2 + 5*z**3 - 7*z + z - 4*z**2. Let m be (-2 + (3 - 1))/(-2). Suppose 3*c - c - 10 = m. Give i(c).
2
Let w(j) = 4*j**2 + 1. Suppose 2*p = -2*o - 2, -p + 6*p + 3*o = -5. Determine w(p).
5
Let o(b) = 3*b - 6*b - 5 + b - b. Calculate o(-4).
7
Let o = 9 - 14. Let f = o - -11. Let t(v) = v**3 + v**2 - 4*v**2 + 4*v - 4*v**2 + 7. Give t(f).
-5
Let y(g) be the first derivative of -g**5/40 + g**4/4 + 2*g**3 - 3. Let i(o) be the third derivative of y(o). Calculate i(5).
-9
Let y be ((-6)/2)/3 + 10. Let v = -7 + y. Let g be 2 - 0/(2/v). Let b(m) = -m**3 + m**2 - 3*m + 1. Determine b(g).
-9
Let v(s) = -2*s**2 + 2*s. Let b be v(2). Let z = 3 - 3. Let a(u) = 3*u**2 - 4*u + z*u**3 + 1 + u**3 - 5. What is a(b)?
-4
Let w = -65 - -71. Let b(h) = -h**2 + 3*h + 5. Give b(w).
-13
Let y(b) = -b**2 - 4*b + 6. Suppose -c - c = 12. Give y(c).
-6
Let w(z) be the second derivative of z**3/6 + z**2 - z. Let i be w(-3). Let a(y) be the second derivative of y**5/20 - y**2/2 - y. Determine a(i).
-2
Suppose 4*f + 23 = 3*q + 4, -3*f + q = 13. Let v(g) = 20 - 20 - g. Determine v(f).
4
Let p(r) = 2 + 0*r**2 + 3*r**2 + 3*r + 9*r**3 - 8*r**3. Let z(k) = -k**2 - 8*k - 7. Let i be z(-6). Suppose 4*c = -i*t + t + 4, 4*c - t = -16. Give p(c).
-7
Suppose 0 = -14*v + 16*v - 8. Let i(t) = 1 - t**2 + 3 + 3*t + 0 - 1. Give i(v).
-1
Let x(m) = 2*m - 2*m**2 - m - 9 + m**2. Suppose 3*f + 8 = -z + 14, 4*f - 8 = -2*z. Give x(z).
-9
Let u(z) = -z + 7 - 9 + z - 3*z. Let f be -6 - (2*-1 - -2). Let a(r) = -r**3 - 6*r**2 + r + 4. Let l be a(f). Calculate u(l).
4
Suppose 22*u - 18*u = -20. Let o(w) = w**3 + 6*w**2 + 2*w - 7. Give o(u).
8
Let m(p) = -2*p + 9. Let x(i) = 5*i - 18. Let j(q) = 7*m(q) + 3*x(q). What is j(-7)?
2
Let x(l) = -2*l. Suppose -5*y + 10 = 4*m - 0, 0 = -5*y - 2*m. Let g be (-7)/28 + y/(-8). Let w be (g/3 - -1) + -5. What is x(w)?
8
Let n(m) = 6*m**2 + 7*m - 2. Let h(x) = 11*x**2 + 13*x - 4. Let t(f) = -4*h(f) + 7*n(f). Suppose 0 = c + 2*c + 9. Determine t(c).
-7
Let s(f) = -6*f - 5. Let g(y) = -y - 1. Let r(p) = 5*g(p) - s(p). Let w(v) = -v + 7. Let x be w(7). Suppose x = -5*c - 4*k, 4*k - 14 + 38 = c. Determine r(c).
4
Let w(s) = -2*s - 2. Let l be w(-2). Let v(j) = 7 - 2 - j**l - 3. Determine v(0).
2
Let k(y) = -7*y + 2. Let d(s) = -6*s + 2. Let h(q) = 4*d(q) - 3*k(q). Let m = -6 - -4. Give h(m).
8
Let c(p) = p**3 - 8*p**2 + 2*p - 8. Suppose 9*d - 37 = 35. Calculate c(d).
8
Let a(j) = 5*j + 1. Let u = 99 - 96. Give a(u).
16
Let o(b) = -b**3 + 2*b**2 + 2*b. Let x(d) = d - 5. Let k be x(8). Determine o(k).
-3
Let z be (6 + -4)/(-1) + 6. Let r(u) = 0*u - u**3 + z*u**2 + 0*u**2 + 3 + 0*u**2 - 3*u. Determine r(3).
3
Let n(f) = f**3 + 6*f**2 + 7*f + 4. Let l(t) = t**3 + 2*t**2 + 2*t. Let h be l(-3). Let q = 10 + h. Determine n(q).
-6
Let c(u) be the first derivative of 0*u**2 + 4/3*u**3 + 1/24*u**4 - 4 + 0*u - 1/120*u**5. Let r(d) be the third derivative of c(d). Determine r(2).
-1
Let r = 12 - 7. Suppose 3*x = -9, 0 = 6*z - z - r*x - 30. Let q(f) = f + f - 2*f + f**2 - 2*f - 1. What is q(z)?
2
Let b(c) = -4 + c + 8*c**2 - 7*c - c**3 - 4. Let t be b(7). Let w(r) = 7*r**3 + 2*r**2 + r. Determine w(t).
-6
Let u(d) = d**2 - 2*d - 3. Let c be u(3). Let s(g) = g**2 + c*g + 1 - 2*g + g**2. Give s(-2).
13
Let j(z) = -30 - z + 21 + 12 + z**3 + 10*z**2. Calculate j(-10).
13
Let j(y) = -9*y**2 + 6 + 10*y**2 - 1 + 6*y. Suppose -r + 3*r + x + 6 = 0, 2*r + 4*x = 6. What is j(r)?
0
Let x be 3/(0 + (-3)/(-1)). Let c(g) = g - x + 4*g - 4*g. Calculate c(-2).
-3
Let s(v) = 14*v + 1. Let h(g) = -13*g - 1. Let j(m) = 2*h(m) + 3*s(m). What is j(-1)?
-15
Suppose 4*i + 0*i = -24. Let p(u) = u**3 + 6*u**2 - 8. Determine p(i).
-8
Let p(c) be the third derivative of -c**5/60 + 5*c**4/24 + c**3/3 - 29*c**2. Determine p(4).
6
Let k(l) = l**3 - l**2 + 13. Let h = 0 - 0. Give k(h).
13
Let j(n) = 5*n**3 + 10*n**2 - 7*n - 14. Let m(k) = 18*k - 2 - 3 + 2*k**3 - 20*k + 3*k**2. Let c(b) = 3*j(b) - 8*m(b). Determine c(5).
-2
Let h(w) = -w. Let v(q) = -q**3 + 7*q**2 - 7*q + 7. Suppose 2*a + 2*c + 6 = -22, 4*c + 2 = 2*a. Let o = 15 + a. Let l be v(o). Give h(l).
-1
Suppose 4 = -3*i + 5*i. Let n(d) = -4*d**2 + d - 2. What is n(i)?
-16
Let a = 1 + 1. Let b(n) = -3*n + 0 + 4*n**2 - n**3 - 3 - 3*n**2 - a*n**2. Calculate b(-2).
7
Let q be 378/70 + (-2)/5. Let s(x) be the third derivative of 0 + 0*x**3 + 0*x - 1/12*x**q + x**2 + 1/24*x**4. Determine s(1).
-4
Let f(d) = 2*d**2 + 1. Suppose -14 = -22*i + 20*i + 4*z, 2*i - 2 = z. Calculate f(i).
3
Let x(w) = 3*w**3 - 18*w**2 - 8*w + 26. Let f(h) = -h**3 + 6*h**2 + 3*h - 9. Let k(y) = 11*f(y) + 4*x(y). Give k(6).
11
Let j(l) = -l - 4. Let b be j(5). Let u(v) = v**3 + 10*v**2 + 9*v + 8. What is u(b)?
8
Suppose -5*d - 11 = 34. Let h(x) = x + 18. What is h(d)?
9
Let q(z) = 2*z + 10. Let i(g) = -g - 1. Suppose 3*r = -4*d, 3*r + 5 = 5*d + 8*r. Let p(b) = d*i(b) - q(b). Calculate p(3).
-4
Suppose -i + 5 = -15. Let a be 24/10 - 8/i. Let h(f) be the second derivative of f**3/3 - f**2 - f. Calculate h(a).
2
Let h(g) = -2*g + 2. Suppose -5*s + 2*p + 25 = 0, -3*s + 0 = 3*p + 6. Calculate h(s).
-4
Let r(d) = d**3 + d**2 - 1. Let k be r(-2). Let p(m) = -m**2 - 6*m + 1. What is p(k)?
6
Suppose 3*f + 21 = 3*r, -r = -4*r + f + 19. Let y(o) = 2 - r + 0 - o - 2. Determine y(-7).
1
Let q(l) = -l**2 - 15*l + 18. Let g be q(-16). Let p(t) = 2*t**2 + 2 - 3*t + 1 - t**2 - g*t. What is p(5)?
3
Let k(y) = 2*y + 3. Suppose -5 = -5*f + 10. Let z be k(f). Suppose 0*u - z = -3*u + 4*g, 3*u - 9 = -3*g. Let s(h) = -h**2 + 3*h - 3. Determine s(u).
-3
Let f(s) = 2*s + 1. Let i be f(1). Let j(y) = 2*y + y - y - i*y. Give j(1).
-1
Let d(o) = -o - 2. Let p be (8 + -7)*(0 + 2). Calculate d(p).
-4
Let d(p) = p**2 + 10*p + 16. Let a be (-84)/10 - 12/(-30). Let f be d(a). Let i(y) = -y - 5. What is i(f)?
-5
Let o(f) be the third derivative of 7*f**4/24 - 11*f**2. Give o(1).
7
Let a(p) be the first derivative of p**4/2 + 2*p**3/3 - p**2 - 3*p - 8. Let c be 2/(-2)*(0 - -2). Give a(c).
-7
Let h be (-2)/((1 + 0)/1). Let c(o) = 1 + o**2 - 5*o**2 - o + 0*o**2. Let p(y) = -7*y**2 - 3*y + 3. Let k(w) = h*p(w) + 5*c(w). What is k(1)?
-6
Let h(v) be the third derivative of -v**4/12 - v**3/6 - v**2. Let c be ((-1)/(-2))/((-5)/(-20)). Let o be 2/5*5/c. What is h(o)?
-3
Let m(a) = a**2 - 8*a + 6. Let q = 7 - 1. Determine m(q).
-6
Suppose 3*d = 2*d. Let y(v) = v. Calculate y(d).
0
Let q(i) = i**3 + 4*i**2 + 3*i - 1. Let p(o) = o**2 + o + 1. Let v(t) = -5*p(t) - q(t). What is v(-8)?
-4
Let b(w) = -5*w - 7. Let v(o) = -o. Let y(f) = 14*f + 13. Let l(m) = -5*v(m) - y(m). Let t(g) = -11*b(g) + 6*l(g). Determine t(-5).
-6
Let i(n) = 2*n + 3. Suppose 0 = -3*s + 5*w - 1 - 2, -w = s + 9. What is i(s)?
-9
Let o be ((-3)/(-14))/(360/70). Let k(i) be the third derivative of -o*i**4 - 5/6*i**3 + 1/60*i**5 + 2*i**2 + 0 + 0*i. Determine k(4).
7
Let o(r) be the first derivative of -r**2 - 30. Calculate o(-7).
14
Suppose 2 = w + 5. Let m(u) = 2*u - 6. Let l be m(4). Let b(q) = -4*q + 5*q**l + 2*q - 6*q**2. Calculate b(w).
-3
Let x(z) = -8*z**3 - z**2 + 1. Let s(g) = g**3 + 7*g**2 - g - 6. Let d = 2 + 0. Suppose -d*n + n - 7 = 0. Let m be s(n). Give x(m).
-8
Let x = 7 + 0. Suppose 4*s - 3 = -3*i, -4*s + 3*i - x = -4. Let t(y) = -6*y + y + 1 + 4*y. What is t(s)?
1
Let f(p) be the first derivative of -p**4/6 + p**3/6 + 3*p**2/2 - 3. Let b(k) be the second derivative of f(k). Calculate b(2).
-7
Let y(s) = -28 - 29 + 2*s + 56. Determine y(-4).
-9
Let t = 30 - 35. Let s(b) = -b**2 - 5*b - 6. What is s(t)?
-6
Let c(a) = 2*a**2 - 5. Let q(w) = -w**2 - w + 4. Let h(m) = -2*c(m) - 3*q(m). Give h(4).
-6
Let x(q) = -10*q**3 - q**2 - q + 1. Let d(m) = 9*m**3 + m**2 + m - 1. Let l(r) = -5*d(r) - 4*x(r). What is l(1)?
-6
Suppose -u = 2*u. Suppo